te the remainder when v is divided by 32.
5
Let z(g) = -74*g - 450. What is the remainder when 215 is divided by z(-7)?
11
Suppose 0 = -3*d + 43 - 55, 4*d - 262 = -2*o. What is the remainder when o is divided by 130?
9
Let i = -1080 - -1488. What is the remainder when i is divided by 82?
80
Let c = -4344 + 4507. Calculate the remainder when c is divided by 12.
7
Let j(c) = -12*c**2 - 42*c - 23. Let t(f) = -3*f**2 - f. Let r(d) = j(d) - 5*t(d). Calculate the remainder when r(14) is divided by 7.
5
Suppose 31 = 6*c - 41. What is the remainder when 23 is divided by (9 + 18/(-6))*16/c?
7
Suppose 3 = l, -17 = -29*r + 30*r - 4*l. Suppose 5*k + 39 = -61. Calculate the remainder when ((-28)/r)/(k/(-50)) is divided by 5.
4
Let t = -95 + 88. Suppose g - 6*g + 19 = z, 3*g - 29 = -5*z. What is the remainder when -5 + (-4 - -7) + (-1 - t) is divided by z?
0
Suppose 12 = 3*i - 3*u, 0*u = -5*i - 2*u - 8. Let c(d) = d**2 + 35. Let m = 434 - 415. Calculate the remainder when c(i) is divided by m.
16
Suppose 14*i - 3 = 11. What is the remainder when 5 is divided by i?
0
Suppose 4*z + 1702 - 5738 = 0. Calculate the remainder when z is divided by 364.
281
Suppose 12*s - 5*v + 5 = 13*s, 135 = 3*s - 5*v. Calculate the remainder when 359 is divided by s.
9
Suppose -3*i = w - 1264, -193*i - 2*w - 2103 = -198*i. Calculate the remainder when i is divided by 75.
46
Suppose 0 = 3*a + 5*h - 314, -2*a + 3*h + 330 = a. Suppose -5*b + 37 = -33. What is the remainder when a/6*(-4)/(-3) is divided by b?
10
Let v(b) = b**3 + b**2 + b + 142. Let c(n) = -n**2 + 4*n. Let d be c(4). Let j = -82813 - -82842. What is the remainder when v(d) is divided by j?
26
Let r = -826 - -834. What is the remainder when 200 is divided by r?
0
Suppose 40650 - 8906 = 124*p. What is the remainder when p is divided by 83?
7
Suppose 2*m + 0 = 4. Suppose -m*j + 6*j - 224 = 0. What is the remainder when j is divided by ((-2)/4)/(-2 + 825/418)?
18
Let j(y) = y**2 + 2*y - 399. Let a be j(0). Let i = -208 - a. What is the remainder when i is divided by 28?
23
Suppose -63 - 125 = -4*n. Suppose 0 = -k + 133 - 49. Calculate the remainder when k is divided by n.
37
Let o be (-1)/(-3) - 344/(-72)*15. Suppose 472 - o = 8*d. Calculate the remainder when 92 is divided by d.
42
Let p be 1634/(-10) - (-3)/(-5). Let b = p + 169. What is the remainder when 143 is divided by b?
3
Let u = 48 - 5. Suppose u - 91 = -2*i. Calculate the remainder when 119 is divided by i.
23
Let m(a) = a**2 + a + 1. Let r be m(-2). Calculate the remainder when 120 is divided by r + ((-9)/(-3) - 7) + 44.
34
What is the remainder when ((-50582)/(-30))/7 - 28/(-210) is divided by 85?
71
Suppose 28*c = 688 + 572. Calculate the remainder when 9133 is divided by c.
43
Suppose -2*u + 326 = -u. Calculate the remainder when u is divided by (1 - -45) + -257 + 244.
29
Suppose -2465 = -6*i + 613. What is the remainder when i is divided by 504?
9
Suppose -20 = 4*f, 3*x = 4*x - 4*f - 5. What is the remainder when 34 is divided by (-95*9/x)/3?
15
Let x = 10272 + -9346. What is the remainder when x is divided by 187?
178
Let w(i) = 17*i**2 + 4*i + 13. Let j be w(-8). Suppose 3*v = 263 + j. Calculate the remainder when (-5 + 2)/(-15) + v/5 is divided by 23.
20
Let t = -41 + 41. Suppose 0*m - m = t. Let s = m - -16. What is the remainder when 62 is divided by s?
14
Let k be 91/35*(0 + -5). Calculate the remainder when 85 is divided by 4 - (-4 - 0 - -6) - k.
10
Let g(x) be the third derivative of 7*x**5/60 + 7*x**4/24 + 2*x**3/3 - 4*x**2. What is the remainder when g(-4) is divided by (-6)/(-10) - 46/((-3910)/1479)?
16
Suppose -4*n + g + 2190 = 0, -5*n + 2*g + 1892 = -850. What is the remainder when n is divided by 70?
56
Let h(p) = -150*p + 4321. What is the remainder when 861 is divided by h(26)?
19
Let b(d) = -d**2 + 11*d + 59. Calculate the remainder when 544 is divided by b(10).
61
Suppose -34*u - 43*u + 87*u - 80 = 0. Suppose 238 = 5*i - 502. Calculate the remainder when i is divided by u.
4
Suppose -14*q - 126 = -12*q. Let t = q - -67. Let d(p) = p**3 - 6*p**2 - 4*p - 5. Calculate the remainder when d(7) is divided by t.
0
Suppose -2*y = -152 + 60. Let j = -22 + 30. Calculate the remainder when y is divided by j.
6
Suppose -x + 55 = 4*x. Suppose 345*b - 1668 = 82*b + 699. What is the remainder when x is divided by b?
2
Suppose -5*a - 2*y = -122, 3*a - 98 = 8*y - 3*y. Let j(c) = -44*c. Let f be j(-1). Let u = f - a. What is the remainder when u is divided by 10?
8
Let g = 140 + -138. Suppose -g*n = 3*w - 178 + 15, n + w = 82. Calculate the remainder when n is divided by 14.
13
Let w = -66 - -127. What is the remainder when w is divided by 0 - (-3 + (0 - -6) - 9)?
1
Suppose -k - 2 + 1 = 0, -k = -3*a + 37. Suppose -4*u + 0*z + 13 = 3*z, -5*u = -z - 40. Calculate the remainder when ((-376)/a)/((-2)/3) is divided by u.
5
Let g(u) = u**3 - 16*u**2 - u + 4. Let y be g(16). What is the remainder when 119 is divided by (-16)/y*1*90/3?
39
Let l(c) = 9*c + 19. Let p be l(-2). Let j(g) = 96*g**2 + g - 3. What is the remainder when j(p) is divided by 33?
28
Suppose u - 5*q - 1516 - 1226 = 0, q - 2748 = -u. What is the remainder when u is divided by 10?
7
Let s = -206 + 208. Suppose 5*m - 10*m + 341 = s*o, 4*m - 5*o = 286. What is the remainder when m is divided by 27?
15
Let p(n) = -645*n - 3694. What is the remainder when p(-10) is divided by 28?
12
Let w = 754 + -412. Suppose 0 = 4*k + 50 - w. What is the remainder when k is divided by (-4)/6 + 385/15?
23
Let y(f) = -155*f + 1881. Let d be 1 - ((-6)/(-2) - 4). Suppose -3*g + 300 = d*g. Calculate the remainder when g is divided by y(12).
18
Let c = -19 - -51. Let g be (0/2)/(6 + 1 + -10). Suppose g = -25*w + 844 + 731. Calculate the remainder when w is divided by c.
31
Let k(t) = -t**3 + 5*t**2 - 8*t - 2. Let v be k(4). Let b = -18 - v. Suppose 5*p + 2*p - 77 = b. What is the remainder when 109 is divided by p?
10
Suppose -2*u - 15*h + 6 = -14*h, u = 4*h - 6. Suppose 5*q - 815 = -u*s + 999, 1835 = 5*q - 5*s. What is the remainder when q is divided by 75?
64
Let o = -2381 + 5120. Calculate the remainder when o is divided by 91.
9
Let k = -39 + 36. Let c be -4 + k*(-8)/6. Suppose c = -18*u + 23*u - 70. What is the remainder when 110 is divided by u?
12
Let z = -14803 - -15035. Calculate the remainder when 651 is divided by z.
187
Let d = 43 + -58. Suppose -4*h - 141 + 381 = 0. What is the remainder when h is divided by 1/(d/6*(-4)/310)?
29
Suppose 400 = 104*t + 53*t - 2112. Calculate the remainder when 12/20 - (-614)/10 is divided by t.
14
Let i(a) = 2*a**2 - 2*a + 6. Let l be (8/6)/(4/9). What is the remainder when 87 is divided by i(l)?
15
Calculate the remainder when (1 - (-2)/(-6))/(39/3393) is divided by 6.
4
Let b(v) = -v**3 + 6*v**2 + 2*v - 3. Suppose 13840 = 56*g + 9584. Calculate the remainder when g is divided by b(4).
2
Suppose 20*s = 58693 + 17907. What is the remainder when s is divided by 546?
8
Suppose -c + 9*c - 5790 = 3*c - 4*d, -4*d = 0. What is the remainder when c is divided by 28?
10
Suppose -3*o + 98 = 2*g - o, 0 = 4*g + 3*o - 191. Let d = g - 10. Let l = -65 + 164. Calculate the remainder when l is divided by d.
31
Let q = -58315 - -58361. Suppose u = 5*f - 3*u - 89, -3*u - 88 = -5*f. What is the remainder when q is divided by f?
12
Suppose -5*d + 5*w = -385, -71 = -5*d + 3*w + 324. Let j = d + -96. Let k(q) = -q**3 - 13*q**2 + 2*q - 8. Calculate the remainder when k(j) is divided by 18.
16
Suppose -32*i + 1158 - 985 = -2515. Calculate the remainder when 471 is divided by i.
51
Suppose -562 = -24*w + 734. Suppose -73*g + w*g + 5035 = 0. Calculate the remainder when g is divided by 45.
40
Suppose -23*w - f + 147 = -20*w, -2*w - 5*f + 85 = 0. Suppose -4*l - 154 = v - 3*v, -3*l = 5*v - 333. What is the remainder when v is divided by w?
19
Let i(y) = 470*y - 3094. What is the remainder when i(10) is divided by 272?
246
Let c = 78 + -156. Let r = 125 + c. Calculate the remainder when r is divided by 28880/19855*22/4.
7
What is the remainder when 926 is divided by ((-620)/(-6))/((-264)/(-396))?
151
Suppose 3*g = 4*y - 52, -3*y + 34 = -3*g - 8. Suppose y*i = 5*i. Calculate the remainder when 26 is divided by (1 + i)*21*3/9.
5
Let p(k) = -6*k**2 + 119*k + 164. Suppose -4*b - 1 = -29. What is the 